-16*r + 56. Determine a(6).
-40
Let k(n) = -65*n - 2910. Calculate k(-45).
15
Let l(g) = -87*g + 38. What is l(-2)?
212
Let k(v) = 63*v**2 - 6*v + 25. Calculate k(3).
574
Let n(h) = 97*h**2 - 44*h + 2. Determine n(1).
55
Let a(n) = -n**2 - 28*n + 2672. Calculate a(39).
59
Let k(y) = -y**2 - 23*y + 13. Determine k(-23).
13
Let a(y) = y**3 - 53*y**2 + 42*y + 8. Give a(1).
-2
Let z(h) = 2*h**3 - 29*h**2 + 23*h - 200. What is z(14)?
-74
Let y(s) = -21*s + 200. What is y(10)?
-10
Let f(x) = 7*x**2 + 19*x - 22. What is f(4)?
166
Let u(y) = y**3 + 33*y**2 + 21*y + 1762. What is u(-34)?
-108
Let d(k) = 4*k**2 - 56*k - 51. What is d(15)?
9
Let c(j) = -2*j**3 + 44*j**2 - 94*j + 335. Determine c(20).
55
Let x(m) = 321*m - 951. What is x(3)?
12
Let u(v) = 38*v - 38. Determine u(3).
76
Let q(y) = -5*y**2 + 23*y - 6. Calculate q(4).
6
Let g(b) = 754*b + 5290. What is g(-7)?
12
Let j(y) = -4*y**3 - 3*y**2 - 10*y - 26. Determine j(-3).
85
Let d(z) = -z**3 - 20*z**2 - 52*z + 6. What is d(-17)?
23
Let b(i) = -i**3 - 35*i**2 - 32*i + 19. Give b(-34).
-49
Let k(v) = 6*v**2 + 172*v - 48. What is k(-29)?
10
Let p(k) = 3*k**3 + 50*k**2 + 39*k - 180. Calculate p(-15).
360
Let o(d) = -d**3 - 98*d**2 + 849*d + 93. Calculate o(-106).
-13
Let n(v) = -4*v**2 - 133*v - 160. Calculate n(-33).
-127
Let x(i) = i**2 - 148*i + 5469. Determine x(70).
9
Let x(u) = -96*u + 44. Determine x(3).
-244
Let i(s) = -s**3 - 9*s**2 - 55*s - 199. Give i(-4).
-59
Let v(c) = 13*c**2 - 265*c + 346. Determine v(19).
4
Let o(y) = -5549*y + 5552. Calculate o(1).
3
Let w(u) = u**2 - 85*u - 82. Calculate w(-1).
4
Let d(g) = 465*g**2 + 73*g - 74. Calculate d(1).
464
Let d(n) = 126*n - 1133. Calculate d(9).
1
Let p(t) = 73*t + 71. Give p(6).
509
Let j(q) = -99*q + 552. Determine j(6).
-42
Let z(v) = v**2 - 213*v + 11344. Calculate z(102).
22
Let t(n) = -8833*n - 26502. Give t(-3).
-3
Let v(l) = -l**3 + 85*l**2 + 2*l - 235. What is v(85)?
-65
Let d(q) = -q**3 - 73*q**2 - 1222*q - 3. What is d(-47)?
-3
Let l(k) = -3*k**3 + 6*k**2 + 6*k - 28. What is l(-3)?
89
Let d(s) = -2*s**3 + 157*s**2 + 77*s + 161. What is d(79)?
3
Let f(u) = 25*u**3 + 72*u**2 - 4*u - 30. Give f(-3).
-45
Let s(k) = -k**3 - 9*k**2 - 13*k + 19. What is s(-5)?
-16
Let r(x) = x**3 + 1120*x**2 - 5627*x + 2. Calculate r(5).
-8
Let w(j) = 8*j**2 + 6*j + 42. Give w(0).
42
Let l(c) = -20*c - 27. Give l(-1).
-7
Let c(q) = 15*q + 3. Determine c(-10).
-147
Let f(p) = -4*p**2 + 44*p - 189. Determine f(9).
-117
Let u(t) = -108*t**2 - 90*t - 90. What is u(-1)?
-108
Let a(b) = 2470*b + 5000. Calculate a(-2).
60
Let n(h) = 40*h - 357. Give n(10).
43
Let z(d) = -d**2 + 33*d + 75. Determine z(34).
41
Let k(b) = -755*b - 165. Determine k(-1).
590
Let n(j) = 7*j**2 + 808*j + 335. What is n(-115)?
-10
Let l(j) = -j**3 - 17*j**2 + 46*j + 54. What is l(-19)?
-98
Let q(c) = -22*c**2 + 332*c - 36. Determine q(15).
-6
Let m(v) = -303*v + 1601. What is m(6)?
-217
Let u(o) = -337*o**2 - 2031*o + 12. Calculate u(-6).
66
Let j(s) = 4*s**2 + 2*s + 52. What is j(-9)?
358
Let f(c) = -14*c + 150. What is f(12)?
-18
Let p(q) = q**3 + 15*q**2 - 58*q + 5. Calculate p(-18).
77
Let a(p) = p**2 + 83*p - 432. Determine a(5).
8
Let y(u) = -19*u**3 + 245*u**2 + 17*u + 116. Give y(13).
-1
Let t(k) = k**3 - 9*k**2 - 15*k + 86. Calculate t(10).
36
Let w(k) = 19*k - 14. Give w(-12).
-242
Let b(v) = 6*v**2 + 942*v + 9627. What is b(-146)?
-9
Let b(v) = v**3 + 9*v**2 - 13*v - 76. Determine b(-10).
-46
Let j(v) = 5*v**2 - 48*v + 238. Determine j(6).
130
Let a(q) = -4*q**2 - 621*q - 8545. What is a(-140)?
-5
Let d(a) = a**2 - 462*a - 6165. Determine d(-13).
10
Let w(g) = g**2 + 26*g - 180. Calculate w(-16).
-340
Let k(t) = 38*t + 67. Give k(0).
67
Let q(j) = -3*j**2 + 241*j + 6628. What is q(102)?
-2
Let k(b) = -b**3 + 26*b**2 - 166*b - 23. Calculate k(14).
5
Let o(p) = -p**2 + 400*p - 5779. What is o(15)?
-4
Let t(v) = -v**2 + 255*v + 3727. Calculate t(-14).
-39
Let f(s) = -27*s + 652. Calculate f(24).
4
Let h(k) = 4*k**2 + 38*k - 185. Calculate h(-13).
-3
Let u(m) = -m**2 + 12*m + 140. Calculate u(19).
7
Let s(q) = -q**3 - 2*q**2 - 8*q + 12. What is s(0)?
12
Let r(c) = c**3 + 74*c**2 + 1146*c + 62. Determine r(-22).
18
Let h(u) = 2*u**2 + 15*u - 337. Determine h(10).
13
Let r(o) = 4*o - 47. Calculate r(-5).
-67
Let o(n) = -n**2 + 24*n + 15. What is o(17)?
134
Let k(g) = 82*g + 4667. Give k(-57).
-7
Let b(k) = -52*k + 8412. Give b(162).
-12
Let m(c) = -3155*c + 25325. Determine m(8).
85
Let p(n) = 421*n**2 + 306*n - 1. Give p(-1).
114
Let m(w) = w**2 + 125*w - 2136. What is m(15)?
-36
Let j(m) = 70*m + 231. Calculate j(-4).
-49
Let k(s) = -9*s**2 - 103*s + 10. Calculate k(-8).
258
Let s(b) = 2*b**3 + 8*b**2 + 24*b + 52. What is s(-3)?
-2
Let c(w) = -2*w**2 + 56*w - 370. Give c(16).
14
Let t(r) = -r**3 + 23*r**2 - 9*r - 146. Calculate t(23).
-353
Let n(p) = 2*p**2 - 19*p - 28. Determine n(13).
63
Let b(r) = 4*r - 276. What is b(-43)?
-448
Let k(b) = -45*b + 61. Give k(-2).
151
Let c(n) = n**2 - 6*n - 91. Calculate c(-9).
44
Let z(i) = -16*i**2 - 42*i - 223. Determine z(-6).
-547
Let k(v) = -2*v**2 - 56*v - 374. Determine k(-17).
0
Let i(p) = -11*p**2 - 588*p + 316. Give i(-54).
-8
Let h(z) = -z**2 + 29*z + 85. What is h(32)?
-11
Let n(x) = 10239*x + 286695. What is n(-28)?
3
Let k(w) = -267*w - 33102. What is k(-124)?
6
Let z(y) = -2*y**3 + 368*y**2 + 367*y + 560. What is z(185)?
5
Let p(z) = 41*z + 356. Calculate p(-7).
69
Let y(j) = -j**3 - 37*j**2 + 78*j + 2. Determine y(-39).
2
Let q(f) = 132*f + 6739. What is q(-51)?
7
Let u(c) = -16*c**2 + 56*c - 57. Calculate u(1).
-17
Let r(i) = -9*i**2 - 49*i - 72. Give r(-11).
-622
Let i(t) = -t**2 - 84*t - 72. Give i(-88).
-424
Let n(j) = -j**2 - 91*j - 2098. Determine n(-45).
-28
Let j(o) = o**3 + 13*o**2 - 54*o + 58. Determine j(-16).
154
Let f(l) = -2*l**3 + 19*l**2 - 52*l - 16. Give f(6).
-76
Let z(c) = -25*c + 1313. Give z(52).
13
Let s(u) = u**3 + 20*u**2 - 15*u - 27. Calculate s(-20).
273
Let n(d) = -588*d**2 + 32*d - 31. Determine n(1).
-587
Let x(n) = 2*n - 113. What is x(52)?
-9
Let f(k) = 5*k**3 + 9*k**2 - 41*k - 2. Calculate f(5).
643
Let g(u) = -2*u**2 - 60*u - 353. Calculate g(-7).
-31
Let x(u) = u**2 + 273*u - 46653. Determine x(119).
-5
Let s(r) = 20*r - 33. Calculate s(5).
67
Let w(o) = -11*o - 171. What is w(-15)?
-6
Let f(r) = -2545*r + 38177. Calculate f(15).
2
Let f(g) = -187*g + 2988. What is f(16)?
-4
Let g(z) = -16*z**2 + 464*z + 17. Determine g(29).
17
Let j(o) = -o**2 + 23*o + 288. What is j(-9)?
0
Let b(k) = -5*k - 30. Calculate b(-3).
-15
Let q(i) = i**2 + 2649*i - 5308. Calculate q(2).
-6
Let n(x) = x**3 + 5*x**2 + 3*x - 22. What is n(-3)?
-13
Let m(c) = -82*c**2 - 213*c + 214. Calculate m(1).
-81
Let l(y) = -8*y**2 + 139*y + 1147. Determine l(-8).
-477
Let d(w) = -850*w - 1703. Give d(-2).
-3
Let w(x) = -x**3 + 18*x**2 + 23*x - 12. What is w(19)?
64
Let t(n) = n**2 - 45*n + 481. Determine t(29).
17
Let s(a) = 14*a**3 + 11*a**2 + 20*a - 11. Determine s(-3).
-350
Let f(r) = r**3 + 12*r**2 - 51*r - 687. Give f(-11).
-5
Let r(d) = -d**3 + 12*d**2 - 163*d + 921. Give r(7).
25
Let y(z) = 57*z + 1851. What is y(-34)?
-87
Let t(k) = -k**3 + 23*k**2 - 65*k + 483. What is t(21)?
0
Let l(y) = 2*y**3 + 180*y**2 - y - 221. Give l(-90).
-131
Let i(s) = 5*s - 152. Determine i(28).
-12
Let d(i) = -i**2 + 8*i + 158. Determine d(18).
-22
Let r(n) = -52*n - 339. Calculate r(-8).
77
Let x(k) = -3*k**2 - 101*k - 726. What is x(-29)?
-320
Let m(w) = -183*w + 9145. Determine m(50).
-5
Let d(n) = -65*n + 425. Calculate d(6).
35
Let v(x) = -3*x**2 - 166*x - 210. Determine v(-54).
6
Let n(j) = j**3 + 5*j**2 + 147*j + 588. Calculate n(-4).
16
Let k(w) = 3*w - 112. Determine k(18).
-58
Let y(j) = 11*j**2 - 28*j + 4. What is y(-5)?
419
Let u(l) = -l**3 + 55*l**2 - 547*l + 37. Give u(42).
-5
Let p(w) = 2*w**3 + w**2 + 3*w - 8. Give p(2).
18
Let m(o) = 365*o - 1457. What is m(4)?
3
Let c(b) = -22*b + 244. Give c(0).
244
Let s(o) = -8*o - 9. What is s(-2)?
7
Let f(a) = -101*a + 493. Calculate f(8).
-315
Let u(d) = -157*d + 46. Give u(4).
-582
Let t(s) = -3*s**2 + 333*s + 683. What is t(113)?
5
Let c(n) = -39*n + 360. What is c(13)?
-147
Let v(o) = 82*o + 389. Give v(-8).
-267
Let j(s) = 96*s + 11. Calculate j(-6).
-565
Let l(v) = 3*v**